 181*a - 152. Let d be v(1). Determine m(d).
0
Suppose -w = 3*j - 0*w - 4, 5*j + 4*w - 9 = 0. Let y(h) = 1295*h - 429*h + 1 - 16*h**3 - 432*h - 436*h. Give y(j).
-17
Let c be ((-168)/28)/(6/(-16)). Let y(v) = 4*v - 1. Let a(l) = 10*l - 35. Let w(p) = -a(p) + 2*y(p). What is w(c)?
1
Suppose -9*x + 241 = 259. Let k(h) = 5*h**2 + h - 2. What is k(x)?
16
Let x(f) = -f**3 - 1. Let t(k) = -17*k**3 + 2*k**2 - k - 5. Let y = 144 + -149. Let q(z) = y*x(z) + t(z). What is q(1)?
-11
Let m(h) be the second derivative of -5/6*h**3 + 0*h**2 - 77 - h - 1/12*h**4. Determine m(-6).
-6
Let s be 3 + -12 + -22 + 38. Let a(d) = 8*d + 18. Give a(s).
74
Let y(i) = 9*i - 1. Let l(g) = -2*g**2 + 12*g + 26. Let v be l(-2). Let a(z) = 7*z. Let p(r) = v*a(r) + 5*y(r). Calculate p(6).
13
Let s(k) be the second derivative of k**4/12 - k**3/3 - 2*k**2 - 10088*k. Let a(g) = 3*g**2 + 1. Let t be a(-1). What is s(t)?
4
Let v(z) = z**3 + 5*z**2 - 18*z. Suppose -3*i + 35 = -5*r, -8*r + 10*r - i + 14 = 0. Determine v(r).
28
Let i(o) = 5 - 10*o - 11 + 2 + 12*o. Calculate i(-1).
-6
Let h(q) = 106236*q - 53122*q - 36 - 53119*q. What is h(-10)?
14
Let h(x) be the first derivative of -x**4/2 + 3*x**3 - x**2 - 10*x - 83. Give h(4).
-2
Let g(z) = z + 20. Let o be 4/(-14) + -204*(-200)/210. Suppose -192*i + o*i = 0. Give g(i).
20
Let i = 1415/2838 - -2/1419. Let s(u) be the second derivative of i*u**4 + 0*u**3 + 6*u + 1/2*u**2 + 0. Determine s(1).
7
Let y(z) = 15*z**3 + 18*z**2 - 95*z - 7. Let w(k) = 7*k**3 + 9*k**2 - 44*k - 4. Let a(l) = -13*w(l) + 6*y(l). Let x = -17 - -8. What is a(x)?
-8
Suppose 4*j + 21 = 33. Suppose 2 = -2*m + 3*m. Let l(o) = 9*o - o**j + 4 - 13*o**2 + 8*o**m + 4 - 1. Give l(-6).
-11
Let l(m) = -m**2 + 4*m - 3. Let y be ((-1)/(-2))/(8/(-192)). Let j be y/(-5)*((-301)/14 + -6). Let t be (-32)/(-6) + 88/j. Calculate l(t).
-3
Let b(m) = 2*m**2 + 38*m - 9. Suppose 0 = 14*f + 7924 - 7658. What is b(f)?
-9
Let g(i) = -2*i**2 + 8*i - 6. Suppose -3*a - 6 - 9 = -3*d, 3*d - 9 = -3*a. What is g(d)?
-6
Let d(z) = 15 - z + 18 - 29 + 0*z. Suppose 0*l = -3*l + 66. Suppose l*x = 18*x + 20. Determine d(x).
-1
Suppose 0 = -4*q + 10 + 6. Let z(c) = 186*c - 174*c + 3 + q - 6. Calculate z(-1).
-11
Suppose 212*y + 108 = 194*y. Let a(w) = -w**3 - 12*w**2 + 3*w + 17. Let o(c) = -c**3 - 13*c**2 + 3*c + 18. Let n(j) = y*o(j) + 7*a(j). What is n(-6)?
-7
Let n = -24 - -19. Let a(y) be the first derivative of y**4/4 + 4*y**3/3 - 5*y**2/2 - 2*y + 164. Determine a(n).
-2
Let c(k) = -k**3 - k**2 - k - 43. Suppose 7*w + 41 - 111 = 0. Suppose q + 2*r = w, 5*r - r = 3*q + 20. Determine c(q).
-43
Let a(o) = -o - 54. Let p(k) = -k - 90. Let x(v) = -13*a(v) + 8*p(v). Give x(4).
2
Let u(p) = 2*p**2 + 2*p - 2. Let f be (-831)/15 + (-2)/(-5). Suppose -5*c + 275 = -5*a, -4*c + 4*a - 7*a = -206. Let k = c + f. Give u(k).
2
Let a = -20 + 14. Let i(d) = -82*d**2 + d + 6 - 93*d**2 + 180*d**2. Let r(s) = -14*s**2 - 2*s - 17. Let t(w) = a*r(w) - 17*i(w). What is t(-6)?
-6
Let v(o) = 17 + 19 + 14 - 49 + 31 - 3*o. Determine v(0).
32
Let u(c) = -c**2 + 10*c + 12. Suppose -5*h + 55 - 16 = -4*v, -h = -5*v + 9. What is u(h)?
1
Let r(n) = 4*n + 15. Suppose -20 = 33*w - 38*w. Suppose -4*v + 8*v = -y - 14, 4*y + 32 = -w*v. What is r(y)?
-9
Let c(f) = -11*f + 911*f**2 - 455*f**2 - 453*f**2 - 13*f**3 + 14*f**3 - 10. Give c(-5).
-5
Suppose 0 = 98*v - 100*v + 2*t - 6, 0 = -4*v + 2*t - 22. Let a(d) = 2*d**2 + 20*d + 20. Calculate a(v).
-12
Let o(x) = -21*x**3 + x**2. Let j(v) = -136*v**3 + 7*v**2 + v + 1. Let s(p) = -2*j(p) + 13*o(p). Calculate s(-1).
0
Let u(c) be the first derivative of c**5/120 - c**4/12 + 43*c**3/3 + 31. Let g(m) be the third derivative of u(m). Let d = 1 + 4. Give g(d).
3
Suppose -34 = -0*a - 17*a. Let d(f) = 3 - 16*f**2 + 4*f - 2 - 3*f + 19*f**a. What is d(-2)?
11
Let l = -856 + 857. Let i(v) = 5*v**2 - 2. Give i(l).
3
Suppose 5*h + 225 - 235 = 0. Let s(k) = -8 + 6*k + 6*k + k**2 - 5*k + h. Calculate s(-8).
2
Let i(a) = -a**3 - 9*a**2 + 10*a + 2. Let t be i(-10). Suppose -3*h = -3*u - 9, t = -u - 0*u. Let y(f) = -28*f + 1. What is y(h)?
-27
Let o(s) = 6*s + 32. Let x(r) = -r - 3. Let w(z) = -o(z) - 12*x(z). Let i(q) = q**2 - 3*q - 1. Let k be i(0). Calculate w(k).
-2
Suppose 5*u - 5*m + 60 = 0, u = 4*m - 9 - 9. Let i(b) = 2*b + 26. What is i(u)?
6
Let t(x) = -43*x - 14. Let r(j) = 46*j + 14. Let f(s) = 6*r(s) + 7*t(s). Let d(l) = 20*l + 13. Let b(w) = -6*d(w) - 5*f(w). What is b(6)?
22
Let a(u) = u**3 - 2*u**2 - 2*u - 3. Let f(h) = -h**3 + 13*h**2 + 15*h - 8. Let y be f(14). Let n be (y + -8 + 5)*4/3. Suppose 93 = -n*l + 105. What is a(l)?
0
Suppose -2*j + 5*i + 23 = 0, 1292*i + 12 = 1288*i. Let t(d) = -d**3 + 3*d**2 + 1. What is t(j)?
-15
Let j(i) = -14*i**2 - i + 1. Let p = 6732 + -6691. Let d = 27 - -13. Let t = p - d. Give j(t).
-14
Let q(b) be the first derivative of b**4/4 - 17*b**3/3 - 10*b**2 + 59*b - 4177. Give q(18).
23
Let q(t) = 12 - 54 + 19 + 13 - 4*t + 4*t**2. Let l(d) = d**2. Let j(r) = -5*l(r) + q(r). What is j(-4)?
-10
Let v(l) = -l**2 - l + 7. Let y(w) = -51*w**2 + 22*w + 3. Let t be y(-2). Let o = t - -241. Determine v(o).
-5
Let s(r) = r**3 + 2*r**2 - 5*r + 3. Suppose -6*x + 1 = 25. Calculate s(x).
-9
Let i(p) = 179*p + 366. Let c be i(-2). Let g(z) = -z**2 + 12*z + 1. Give g(c).
33
Let b(o) = -3*o - 5*o + 14*o + 30*o**2 + o**3 + 3*o - 41*o**2. What is b(1)?
-1
Let o(v) be the second derivative of -v**5/20 + 7*v**4/12 - v**3/6 + 3*v**2 - 26*v. What is o(7)?
-1
Let a(s) = 4*s**3 + 8*s**2 + 12*s. Let o(y) = 69*y**3 + 136*y**2 + 211*y - 1. Let i(p) = -35*a(p) + 2*o(p). What is i(-6)?
130
Let o(p) = 13*p + 35. Let f be -14 + -1 + (0 - -13). Calculate o(f).
9
Let d(r) = -8 - 1 + 7*r + 10*r + 1 - 21. Give d(4).
39
Suppose -17*s = -10*s. Suppose s = -0*f - 3*f + 3*q - 12, -4*q + 7 = 5*f. Let h(w) = 30*w. Determine h(f).
-30
Let k(y) be the first derivative of -y**3/3 + 5*y**2 + 12*y + 574. What is k(10)?
12
Let j(o) be the second derivative of -o**4/12 - o**3/6 + o**2/2 + 1937*o. Suppose -2*v + 5*t = 2 + 14, -2*t = -4. Calculate j(v).
-5
Let l(j) be the second derivative of 0*j**2 - 1/6*j**3 + 0 - 1/5*j**5 + 0*j**4 - 16*j. Let b(a) = a + 6. Let r be b(-5). What is l(r)?
-5
Let s = 157 - 149. Let l(h) = h**3 - 6 + s*h - 2*h**2 + 11*h**2 + 0 + 3. Give l(-8).
-3
Let m be (-1 + 2)/((9/(-2))/(-9)). Let q(t) = 2*t + 3*t**2 - 10*t - 4*t**m - 7. Suppose 4*w = -0*w - 5*k - 34, -10 = 5*k. Give q(w).
5
Let k be ((-20)/45)/((-156)/(-27) - 6). Let u(l) = l**2 - 7*l + 11. Determine u(k).
1
Let j = -202 + 195. Let q(l) be the first derivative of l**4/12 + 5*l**3/3 - 5*l**2 + 24. Let b(a) be the second derivative of q(a). Determine b(j).
-4
Let s(x) = 2*x**3 + 10*x**2 - 14*x + 5. Let g be s(-6). Suppose g*w + 4*w - 105 = 0. Let o(k) = k - 2. What is o(w)?
3
Let a be 308/(-132) + 7/3. Let b(c) = c**3 - 3. Give b(a).
-3
Let j be (1 - 0) + (-6)/(-2). Let i(r) = -4*r - 162*r**2 + 319*r**2 - 155*r**2 - 2. Determine i(j).
14
Let b(r) be the first derivative of -r**5/120 - 29*r**4/24 + 14*r**3/3 + r**2/2 - 194. Let w(n) be the third derivative of b(n). Give w(0).
-29
Suppose 4*d - 5*c - 16 - 49 = 0, d - 2*c - 20 = 0. Let j(k) = -17 + k + 11 + d. Determine j(3).
7
Let d(h) = -20*h**2 + 2 - 8*h**2 - 6*h**2 + 26*h**2 + 4*h. Give d(-1).
-10
Let s(h) = h**2 + 10*h + 35. Suppose -15 = 7*q + 27. Give s(q).
11
Let v(w) = 502. Let b(x) = -x + 448. Let a(z) = 7*b(z) - 6*v(z). Calculate a(15).
19
Suppose -4*s = -2*s - 10. Suppose 2*b = -3*v + s, 0*v = v + b - 2. Let u(n) = -3 + 731*n - v + n**3 - 725*n + 7*n**2. Give u(-6).
-4
Let d(a) = 1 + 2 + a - 4. Suppose w = -k - 2*k - 230, -4*k - 300 = 3*w. Let g = k - -82. Determine d(g).
3
Suppose -4*c - l = -47, -4*c + l + 57 = -0*c. Let f(o) = 3 + 24*o - c*o - 10*o. Suppose -3*b - b - 9 = y, 2*y = 3*b + 4. What is f(b)?
1
Let d(k) = k + 4. Let l(z) = -z - 9. Let h(r) = -5*d(r) - 3*l(r). Let n = 23 + 156. Let b = -184 + n. Calculate h(b).
17
Let h(q) = 2076*q - 2069*q + 6*q**2 - 5*q**2 - 1 - 3*q**2. Calculate h(5).
-16
Let g(d) be the second derivative of -d**3/2 - 3*d**2/2 + 186*d. Determine g(4).
-15
Let x be ((-9)/3)/((-3)/(-4)). Let g be 6 + ((-8)/(-2 + 4) - -3). Let o(i) = 12*i + 3*i**2 - 38*i - i**3 + 22*i + 2*i**3 + g. Calculate o(x).
5
Let j(c) = -c - 35. Suppose 41 =